e the greatest common divisor of 100 and k.
20
Suppose -4*d + 5*x = -4 + 6, -d + 5 = -4*x. Let u = d + 19. What is the highest common divisor of 32 and u?
16
Let o(u) = 3*u - 1. Let p be o(3). Suppose 0 = z - 21 + 5. What is the greatest common factor of z and p?
8
Let t be ((-1)/(-1) - 2) + 678/3. What is the highest common divisor of 15 and t?
15
Let r(z) = 2*z**2 + z - 1. Suppose -4*t + 21 = -3. Let h be r(t). Calculate the greatest common divisor of 11 and h.
11
Suppose -2*u = 8 - 84. Let z = 80 - u. Calculate the greatest common divisor of 14 and z.
14
Suppose 60 = 5*n - 30. Calculate the highest common factor of n and 18.
18
Let k = -2 + 4. Let d be 7 + (k - -2) + -2. Calculate the highest common factor of 1 and d.
1
Let s(o) = -10*o**3 - o**3 - 6*o + 11*o**3 - 6 - 4*o**2 - o**3. Let m be s(-4). Suppose -141 = -5*d + 84. What is the greatest common factor of d and m?
9
Let l be ((-8)/(-3))/((-4)/(-30)). Calculate the highest common factor of l and 10.
10
Suppose 3*v = -5*b + 64 - 12, 16 = b + 2*v. Suppose -5*u + b = -u. What is the greatest common divisor of 2 and u?
2
Let g be 5509/(-35) + (-2)/(-5). Let c = -31 - g. What is the highest common factor of 14 and c?
14
Let z = 120 - 78. Let m be (-1 + (-6)/(-10))*-15. What is the highest common divisor of m and z?
6
Suppose 2*d + 6 = 5*n + 27, -4*n - 12 = 0. Let g = 2 - 0. What is the greatest common factor of d and g?
1
Suppose 0 = -2*p + 11 - 1. Let y(z) = z**2 + z + 1. Let j be y(0). Let v be j - (2 + -2) - -9. What is the highest common divisor of p and v?
5
Let c be 5/15 + (-2)/(-3). Let v = c + 6. What is the highest common factor of v and 63?
7
Suppose 6*m - 71 = -17. What is the greatest common divisor of 15 and m?
3
Suppose 0*j + j - 200 = 0. Let q be (j/6)/((-6)/(-18)). Let l be 2/5 + 196/10. Calculate the highest common divisor of l and q.
20
Let d(r) = -r**2 - 22*r - 6. Let o be d(-7). What is the highest common factor of o and 22?
11
Let o(m) = -m**2 + 4*m - 1. Let i be o(3). Suppose -44 = -4*d + i*p + 10, -5*d = -3*p - 69. What is the highest common divisor of d and 60?
12
Let u be ((-35)/(-14))/((-1)/(-34)). Calculate the highest common divisor of u and 34.
17
Let f(j) = j**3 + 3*j**2 + j + 2. Let x be f(-2). Let n = -43 + 79. What is the highest common factor of x and n?
4
Suppose 4*a + 12 = 32, 0 = -3*o - 5*a - 32. Let h = -9 - o. What is the highest common factor of 40 and h?
10
Suppose 5*i - h + 0*h - 137 = 0, -2*i + 2*h + 58 = 0. Let r be 184/20 - (-2)/(-10). Calculate the highest common divisor of r and i.
9
Suppose -3*o + 5*o + 3*c = 0, 0 = -3*o - 3*c + 6. Calculate the greatest common factor of 21 and o.
3
Let x(v) = 4*v**2 - 12*v + 23. Let g be x(5). Calculate the highest common factor of g and 9.
9
Suppose -3*k + 2*g + 219 = 0, -4*k + g = -32 - 260. Suppose -3*j = 1 - k. Calculate the greatest common divisor of j and 16.
8
Let x(r) = -2*r**3 - r**2 + 2. Let s be x(-2). Calculate the greatest common divisor of s and 70.
14
Let v = 47 - 34. Let u(g) = 28*g**2 - 4*g - 3. Let b be u(-2). Calculate the greatest common factor of v and b.
13
Let i = -13 + 35. What is the highest common divisor of i and 22?
22
Let k(z) = -z**3 + 5*z**2 + 7*z + 6. Let a be k(6). Let w = -5 + 4. Let m be 26/6 + w/3. Calculate the highest common factor of a and m.
4
Suppose -488 = -4*u - 108. Let n(x) = 20*x**2 + 2*x + 1. Let k be n(-1). Calculate the highest common factor of k and u.
19
Suppose p = 3*c - 6*c + 15, -c + 16 = 4*p. Suppose -2*d = p*d - 680. Calculate the greatest common divisor of 17 and d.
17
Let n(i) = 24*i**2 - 3*i - 2. Let v be n(-1). What is the greatest common factor of v and 5?
5
Suppose 3*t - 16 - 2 = 0. Let x = -16 + 58. Calculate the greatest common factor of t and x.
6
Let q = -25 + 43. Calculate the greatest common factor of q and 9.
9
Suppose 0 = -0*t + 2*t + 116. Let y = 98 + t. Let p be (3/(-1))/((-15)/y). What is the highest common factor of p and 1?
1
Suppose 0 = -4*m - 3*d + 5, -2*d - 4 = -5*m + 8. What is the greatest common divisor of m and 22?
2
Let b = -15 + 30. Suppose 0 = 5*l - 44 - 6. Calculate the greatest common divisor of l and b.
5
Suppose 4*s - s = 0. Suppose s = 3*l - 36 + 6. Suppose 36 + 124 = 2*j. What is the greatest common divisor of j and l?
10
Suppose 0 = 2*m - m - 66. What is the greatest common divisor of 165 and m?
33
Let o be ((28/(-21))/2)/((-3)/171). Suppose -206 = -5*v + 79. Calculate the highest common factor of v and o.
19
Let y be (-15)/(6/2 - 4). Let p = 22 - y. What is the greatest common divisor of p and 77?
7
Suppose -3*l = -13 - 35. Let k be l - (-4 + (-2)/(-2)). Calculate the greatest common divisor of k and 38.
19
Let p be 0 + 1/(4/64). Calculate the highest common divisor of p and 40.
8
Let i(k) = -5*k + k + 4*k + 3*k + 21*k**2. Let f be i(-3). Calculate the highest common divisor of 20 and f.
20
Let b(m) = m**3 + 8*m**2 + 2*m + 5. Let a be 4*((-1)/2 + -1). Let y be b(a). Calculate the highest common factor of y and 26.
13
Let o = 6 + 7. Calculate the greatest common divisor of o and 65.
13
Let m = -6 - 0. Let u be 376/3 + (-4)/m. What is the greatest common divisor of 14 and u?
14
Let a(v) = -10*v**3 + 2*v**2 - 1. Let k be a(-1). Let g = 15 + k. Let p = -111 + 176. What is the highest common divisor of g and p?
13
Let c be 0/(2 - 3) - 2. Let l be (c - -1 - 3)*-7. Calculate the greatest common factor of 7 and l.
7
Let u = -31 + 42. What is the greatest common divisor of 121 and u?
11
Let x = -8 + 33. Suppose 9*q - 4*q = x. Suppose p - q*p - 4 = 2*m, -4*p = 12. What is the highest common factor of 36 and m?
4
Let d(t) = t + 22. Let q be d(13). Calculate the greatest common divisor of 7 and q.
7
Suppose -48 = -0*m - 4*m. What is the greatest common divisor of 24 and m?
12
Let o(m) = -m + 1. Let k(u) = -10*u + 14. Let t(z) = -k(z) + 5*o(z). Let l be t(7). What is the highest common divisor of 234 and l?
26
Let j(t) = t**2 - 2*t - 5. Let o be j(4). Let h(p) = 4*p**2 - 1. Suppose 4*q = q + 6. Let f be h(q). Calculate the greatest common factor of f and o.
3
Let i = 108 - -168. Suppose -a = 5*s - 345, 4*s + a + 4*a - i = 0. Calculate the highest common divisor of s and 23.
23
Let l(c) = 38*c + 3. Suppose -4*k + 7 + 5 = 0. Let s be l(k). What is the greatest common factor of s and 13?
13
Let k be (0 + -4)*21/(-28) + 82. What is the highest common divisor of 34 and k?
17
Let b(o) = -o + 7. Let p = -7 - -2. Let y be b(p). What is the highest common factor of y and 4?
4
Suppose 176 = 3*m - m. Let u(w) = 2*w + 1. Let i(b) = 2*b - 11. Let h be i(8). Let a be u(h). What is the highest common divisor of a and m?
11
Let q(k) = 6*k + 2. Let i be q(2). Let u be (-768)/(-54) + 4/(-18). What is the highest common factor of u and i?
14
Suppose 8 = 4*p - 24. Let u = 32 - p. What is the greatest common factor of 72 and u?
24
Suppose 320 = -2*a + 3*a. Suppose 5*q + 0*q = a. Let d(k) = 2*k**3 - 3*k**2 + k + 2. Let h be d(2). What is the greatest common factor of q and h?
8
Let b = 8 - 4. Suppose -b*o + 12 = -o. Let w be 8/(-2)*(-1)/o. What is the highest common divisor of 5 and w?
1
Let k be ((-14)/(-4))/(1/8). What is the highest common factor of k and 14?
14
Suppose -105 = -4*u + u. Let s = u - 19. Calculate the highest common factor of s and 16.
16
Let h = -55 - -95. Let n be 19/7 - 4/(-14). Suppose -n*g + h = -44. What is the greatest common divisor of 70 and g?
14
Suppose 0 = -2*r - 3*i - 10, -5*r - 3*i + 0 = 16. Let k(o) = -o**3 + o. Let j be k(r). Suppose -g = -6*g + 240. Calculate the greatest common factor of g and j.
6
Let c = -118 + 173. Calculate the highest common divisor of 11 and c.
11
Suppose -5*o - 253 = -2*l + 1659, 2*o - 4*l + 752 = 0. Let w be (2/(-4))/(3/o). What is the highest common factor of w and 16?
16
Let w = 6 + -9. Let x(q) = -q**2 - 4*q - 3. Let r be x(w). Suppose -3*f + 116 - 26 = r. Calculate the greatest common divisor of 15 and f.
15
Suppose -3*s + 8*s = 380. Calculate the greatest common factor of s and 19.
19
Suppose -23 = -5*r - 2*m, -3*m = m + 4. What is the greatest common divisor of r and 4?
1
Let z be (1/(-1))/(2/(-8)). What is the highest common factor of z and 20?
4
Let z(h) = 3*h - h**2 + 10*h**3 - 11*h**3 - 5 + 8. Let k be z(-3). Let s = 1 - -2. Calculate the greatest common factor of s and k.
3
Le